{"id":1112,"date":"2025-02-06T21:05:30","date_gmt":"2025-02-07T00:05:30","guid":{"rendered":"https:\/\/mamajula.com.br\/index.php\/produto\/yara-de-lattafa-perfumes\/"},"modified":"2025-08-30T10:40:53","modified_gmt":"2025-08-30T13:40:53","slug":"yara-de-lattafa-perfumes","status":"publish","type":"product","link":"https:\/\/mamajula.com.br\/index.php\/produto\/yara-de-lattafa-perfumes\/","title":{"rendered":"Yara de Lattafa Perfumes"},"content":{"rendered":"<p><br data-mce-bogus=\"1\"><\/p>\n","protected":false},"excerpt":{"rendered":"<p>ara de Lattafa Perfumes \u00e9 um perfume Oriental Baunilha Feminino. Yara foi lan\u00e7ada em 2020. As notas de topo s\u00e3o: Orqu\u00eddea, Heliotr\u00f3pio e Tangerina. As notas de cora\u00e7\u00e3o s\u00e3o: Acorde Gourmand e Frutas Tropicais. As notas de fundo s\u00e3o: Baunilha, Alm\u00edscar e S\u00e2ndalo.\u00a0<\/p>\n<p>100 mls R$ 269,90<\/p>\n","protected":false},"featured_media":1107,"comment_status":"open","ping_status":"closed","template":"","meta":[],"product_brand":[],"product_cat":[125,43],"product_tag":[],"class_list":{"0":"post-1112","1":"product","2":"type-product","3":"status-publish","4":"has-post-thumbnail","6":"product_cat-miniaturas-arabes","7":"product_cat-perfumes","9":"first","10":"instock","11":"shipping-taxable","12":"purchasable","13":"product-type-simple"},"_links":{"self":[{"href":"https:\/\/mamajula.com.br\/index.php\/wp-json\/wp\/v2\/product\/1112","targetHints":{"allow":["GET"]}}],"collection":[{"href":"https:\/\/mamajula.com.br\/index.php\/wp-json\/wp\/v2\/product"}],"about":[{"href":"https:\/\/mamajula.com.br\/index.php\/wp-json\/wp\/v2\/types\/product"}],"replies":[{"embeddable":true,"href":"https:\/\/mamajula.com.br\/index.php\/wp-json\/wp\/v2\/comments?post=1112"}],"wp:featuredmedia":[{"embeddable":true,"href":"https:\/\/mamajula.com.br\/index.php\/wp-json\/wp\/v2\/media\/1107"}],"wp:attachment":[{"href":"https:\/\/mamajula.com.br\/index.php\/wp-json\/wp\/v2\/media?parent=1112"}],"wp:term":[{"taxonomy":"product_brand","embeddable":true,"href":"https:\/\/mamajula.com.br\/index.php\/wp-json\/wp\/v2\/product_brand?post=1112"},{"taxonomy":"product_cat","embeddable":true,"href":"https:\/\/mamajula.com.br\/index.php\/wp-json\/wp\/v2\/product_cat?post=1112"},{"taxonomy":"product_tag","embeddable":true,"href":"https:\/\/mamajula.com.br\/index.php\/wp-json\/wp\/v2\/product_tag?post=1112"}],"curies":[{"name":"wp","href":"https:\/\/api.w.org\/{rel}","templated":true}]}}