{"id":1405,"date":"2025-11-17T14:18:59","date_gmt":"2025-11-17T17:18:59","guid":{"rendered":"https:\/\/mamajula.com.br\/index.php\/produto\/jadore\/"},"modified":"2025-11-17T14:19:00","modified_gmt":"2025-11-17T17:19:00","slug":"jadore","status":"publish","type":"product","link":"https:\/\/mamajula.com.br\/index.php\/produto\/jadore\/","title":{"rendered":"J&#8217;adore"},"content":{"rendered":"<p><br data-mce-bogus=\"1\"><\/p>\n","protected":false},"excerpt":{"rendered":"<p>O &#8220;J&#8217;adore&#8221; da marca Dream Brand \u00e9 uma fragr\u00e2ncia inspirada no perfume J&#8217;adore da Dior. A marca Dream Brand \u00e9 conhecida por criar perfumes &#8220;travel size&#8221; (em tamanho de viagem, geralmente 25ml) que s\u00e3o contratipos de fragr\u00e2ncias de grifes famosas, oferecendo op\u00e7\u00f5es mais acess\u00edveis para quem quer experimentar ou colecionar diferentes cheiros.\u00a0<\/p>\n<p>Inspira\u00e7\u00e3o: A linha Dream Brand Collection \u00e9 inspirada nos perfumes de grandes grifes.<\/p>\n<p>Fragr\u00e2ncia: O n\u00famero 007 dessa linha \u00e9 inspirado no J&#8217;adore, sendo descrito como um buqu\u00ea floral sensual e refrescante, similar ao original da Dior.<\/p>\n","protected":false},"featured_media":1402,"comment_status":"open","ping_status":"closed","template":"","meta":[],"product_brand":[],"product_cat":[43],"product_tag":[],"class_list":{"0":"post-1405","1":"product","2":"type-product","3":"status-publish","4":"has-post-thumbnail","6":"product_cat-perfumes","8":"first","9":"instock","10":"shipping-taxable","11":"purchasable","12":"product-type-simple"},"_links":{"self":[{"href":"https:\/\/mamajula.com.br\/index.php\/wp-json\/wp\/v2\/product\/1405","targetHints":{"allow":["GET"]}}],"collection":[{"href":"https:\/\/mamajula.com.br\/index.php\/wp-json\/wp\/v2\/product"}],"about":[{"href":"https:\/\/mamajula.com.br\/index.php\/wp-json\/wp\/v2\/types\/product"}],"replies":[{"embeddable":true,"href":"https:\/\/mamajula.com.br\/index.php\/wp-json\/wp\/v2\/comments?post=1405"}],"wp:featuredmedia":[{"embeddable":true,"href":"https:\/\/mamajula.com.br\/index.php\/wp-json\/wp\/v2\/media\/1402"}],"wp:attachment":[{"href":"https:\/\/mamajula.com.br\/index.php\/wp-json\/wp\/v2\/media?parent=1405"}],"wp:term":[{"taxonomy":"product_brand","embeddable":true,"href":"https:\/\/mamajula.com.br\/index.php\/wp-json\/wp\/v2\/product_brand?post=1405"},{"taxonomy":"product_cat","embeddable":true,"href":"https:\/\/mamajula.com.br\/index.php\/wp-json\/wp\/v2\/product_cat?post=1405"},{"taxonomy":"product_tag","embeddable":true,"href":"https:\/\/mamajula.com.br\/index.php\/wp-json\/wp\/v2\/product_tag?post=1405"}],"curies":[{"name":"wp","href":"https:\/\/api.w.org\/{rel}","templated":true}]}}