{"id":661,"date":"2024-05-16T23:21:16","date_gmt":"2024-05-17T02:21:16","guid":{"rendered":"https:\/\/mamajula.com.br\/?post_type=product&#038;p=661"},"modified":"2024-05-26T19:18:35","modified_gmt":"2024-05-26T22:18:35","slug":"brand-collection-138-amor-amor","status":"publish","type":"product","link":"https:\/\/mamajula.com.br\/index.php\/produto\/brand-collection-138-amor-amor\/","title":{"rendered":"Brand Collection 138 &#8211; Amor Amor"},"content":{"rendered":"<p>Descubra mais sobre:<br \/><strong>Perfume Feminino Brand Collection 138 Eau de Parfum &#8211;\u00a0<em>Love<\/em><\/strong><br \/>O perfume feminino Brand Collection 138 \u00e9 uma inspira\u00e7\u00e3o maravilhosa de\u00a0<strong>Amor Amor<\/strong>,\u00a0um perfume\u00a0<strong>Cacharel<\/strong>. Um perfume feminino oriental frutal. Para a mulher moderna, que gosta de novidades e de celebrar a vida.<br \/>\u00a0<br \/>O\u00a0Perfume \u00e9 para a mulher moderna, divertida e rom\u00e2ntica. A fragr\u00e2ncia sensual e adocicada de\u00a0Amor Amor\u00a0evoca seu lado mais apaixonante. Use durante encontros rom\u00e2nticos ou ocasi\u00f5es especiais e arranque suspiros por onde passar!<br \/>\u00a0<\/p>\n<p>Como usar:<\/p>\n<p><strong>Conselho de aplica\u00e7\u00e3o<\/strong><br \/>Aplique retirando a tampa para cima, concentrando o perfume sobre \u00e1reas que\u00a0<strong>fixem melhor a perfuma\u00e7\u00e3o<\/strong>, como regi\u00f5es onde a circula\u00e7\u00e3o de sangue \u00e9 maior:\u00a0<strong>como pulsos, nuca, atr\u00e1s das orelhas e dobras<\/strong>.<br \/>Cuide para\u00a0<strong>n\u00e3o\u00a0<\/strong>aplicar sobre os olhos, pois pode causar irrita\u00e7\u00f5es.<br \/>\u00a0<br \/>Os\u00a0<strong>Eau de\u00a0Parfum<\/strong>\u00a0da Brand Collection possuem uma concentra\u00e7\u00e3o de fragr\u00e2ncia (ess\u00eancia) de at\u00e9 20% de sua composi\u00e7\u00e3o, por isso sua fixa\u00e7\u00e3o\u00a0<strong>pode ser mais potente.<\/strong><\/p>\n<p>\u00a0<\/p>\n<p>Pir\u00e2mide olfativa:<br \/><strong>Topo:\u00a0<\/strong>Groselha Preta, Laranja, Mandarina, Toranja, C\u00e1ssia e Bergamota.<br \/>\u00a0<br \/><strong>Corpo:\u00a0<\/strong>Rosa, Damasco, Jasmim, L\u00edrio e L\u00edrio-do-Vale.<br \/>\u00a0<br \/><strong>Fundo:\u00a0<\/strong>Baunilha, Fava Tonka, Alm\u00edscar, \u00c2mbar e Cedro da Virg\u00ednia.<br \/>\u00a0<\/p>\n<p>Ocasi\u00e3o:<br \/>Use em um encontro rom\u00e2ntico ou ocasi\u00f5es especiais. Tamb\u00e9m pode ser usado de dia, quando voc\u00ea quiser aflorar seu lado apaixonante. Um perfume\u00a0doce e feminino. Carrega o esp\u00edrito jovial do primeiro amor, uma explos\u00e3o de felicidade e romance.<br \/>\u00a0<\/p>\n<p>O que chega pra voc\u00ea:<br \/><strong>Perfume Feminino Brand Collection 138 Eau de Parfum\u00a0de 25ml (na quantidade que voc\u00ea\u00a0selecionar).<\/strong><br \/>O produto chegar\u00e1 em suas m\u00e3os na caixa original do pr\u00f3prio perfume,\u00a0inviolado.<br \/>Estar\u00e1 protegido;\u00a0totalmente envolto\u00a0em pl\u00e1stico bolha, com qualidade &#8220;<strong>A<\/strong>&#8221; em prote\u00e7\u00e3o. Seu pedido\u00a0<strong>ser\u00e1 entregue em seu endere\u00e7o<\/strong>,\u00a0dentro da caixa de envio\u00a0totalmente lacrada, acompanhado da nota de produto e do cart\u00e3o informativo da loja.<br \/>\u00a0<\/p>\n<p>Garantia:<br \/>Sim! Voc\u00ea possui a garantia da loja para o seu produto! Ent\u00e3o pode ficar tranquilo, que a qualquer momento voc\u00ea poder\u00e1 entrar em contato com a nossa equipe para falar de qualquer assunto sobre seu pedido ou tirar d\u00favidas.<br \/>Em caso de troca, problemas na entrega ou\u00a0desist\u00eancia, voc\u00ea pode acessar a aba de\u00a0<a href=\"https:\/\/www.cheromeuperfumaria.com\/troca-devolucao-garantia\">Garantia<\/a>, onde explicamos exatamente o procedimento que voc\u00ea precisar\u00e1 fazer, e n\u00f3s o ajudaremos em todas as etapas.<br \/>\u00a0<\/p>\n<p>Envio \/ Rastreio:<br \/>O envio \u00e9 feito em at\u00e9\u00a02 dias <strong>\u00fateis<\/strong>\u00a0ap\u00f3s a confirma\u00e7\u00e3o do pagamento do pedido.<br \/>Voc\u00ea ser\u00e1\u00a0<strong>avisado de<\/strong>\u00a0<strong>todas as etapas<\/strong>\u00a0de sua compra\u00a0<strong>atrav\u00e9s do seu e-mail<\/strong>\u00a0de cadastro. L\u00e1 voc\u00ea saber\u00e1 quando sua compra for confirmada, quando estiver em prepara\u00e7\u00e3o, quando for enviada e qual ser\u00e1 seu c\u00f3digo de rastreio e prazo de entrega.<\/p>\n<p>\u00a0<\/p>\n<p>MAIS DETALHES<br \/>C\u00f3digo<br \/>Cacharel Amor Amor &#8211; Brand Collection<br \/>C\u00f3digo de barras<br \/>6936711893065<br \/>Modelo<br \/>138<br \/>Marca<br \/>Brand Collection\u00ae<br \/>Itens Inclusos<br \/>Perfume Feminino Brand Collection 138 Eau de Parfum de 25ml, na caixa, lacrado.<br \/>Garantia<br \/>Garantimos a entrega de seus produtos em perfeitas condi\u00e7\u00f5es! Em casos de avarias, entre em contato conosco imediatamente.<\/p>\n<p>CARACTER\u00cdSTICAS<br \/>Marcas: Brand Collection<br \/>Inspirado em: Cacharel<br \/>G\u00eanero: Feminino<br \/>Fam\u00edlia Olfativa: Flores<br \/>Ocasi\u00e3o indicada: Climas quentes, dia e noite<br \/>Volumetria: 25ml<\/p>\n","protected":false},"excerpt":{"rendered":"<p><strong>Brand Collection 138 Love Love\u00a0<\/strong>\u00e9 o perfume da paix\u00e3o e do amor \u00e0 primeira vista. Intenso, imediato, vivo, eletrizante, saboroso e marcante,\u00a0<strong>138 Love Love<\/strong>\u00a0nos lembra que o olfato \u00e9 o sentido mais essencial da sensualidade.<\/p>\n","protected":false},"featured_media":573,"comment_status":"open","ping_status":"closed","template":"","meta":[],"product_brand":[],"product_cat":[46,43],"product_tag":[],"class_list":{"0":"post-661","1":"product","2":"type-product","3":"status-publish","4":"has-post-thumbnail","6":"product_cat-geral","7":"product_cat-perfumes","9":"first","10":"instock","11":"shipping-taxable","12":"purchasable","13":"product-type-simple"},"_links":{"self":[{"href":"https:\/\/mamajula.com.br\/index.php\/wp-json\/wp\/v2\/product\/661","targetHints":{"allow":["GET"]}}],"collection":[{"href":"https:\/\/mamajula.com.br\/index.php\/wp-json\/wp\/v2\/product"}],"about":[{"href":"https:\/\/mamajula.com.br\/index.php\/wp-json\/wp\/v2\/types\/product"}],"replies":[{"embeddable":true,"href":"https:\/\/mamajula.com.br\/index.php\/wp-json\/wp\/v2\/comments?post=661"}],"wp:featuredmedia":[{"embeddable":true,"href":"https:\/\/mamajula.com.br\/index.php\/wp-json\/wp\/v2\/media\/573"}],"wp:attachment":[{"href":"https:\/\/mamajula.com.br\/index.php\/wp-json\/wp\/v2\/media?parent=661"}],"wp:term":[{"taxonomy":"product_brand","embeddable":true,"href":"https:\/\/mamajula.com.br\/index.php\/wp-json\/wp\/v2\/product_brand?post=661"},{"taxonomy":"product_cat","embeddable":true,"href":"https:\/\/mamajula.com.br\/index.php\/wp-json\/wp\/v2\/product_cat?post=661"},{"taxonomy":"product_tag","embeddable":true,"href":"https:\/\/mamajula.com.br\/index.php\/wp-json\/wp\/v2\/product_tag?post=661"}],"curies":[{"name":"wp","href":"https:\/\/api.w.org\/{rel}","templated":true}]}}