{"id":920,"date":"2024-06-05T23:16:25","date_gmt":"2024-06-06T02:16:25","guid":{"rendered":"https:\/\/mamajula.com.br\/?post_type=product&#038;p=920"},"modified":"2025-08-30T10:45:04","modified_gmt":"2025-08-30T13:45:04","slug":"brand-collection-154-tubete-de-bolsa-inspirado-em-212-vip-black-30ml","status":"publish","type":"product","link":"https:\/\/mamajula.com.br\/index.php\/produto\/brand-collection-154-tubete-de-bolsa-inspirado-em-212-vip-black-30ml\/","title":{"rendered":"Brand Collection 154 &#8211; Tubete de Bolsa Inspirado em 212 Vip Black &#8211; 30ml"},"content":{"rendered":"","protected":false},"excerpt":{"rendered":"<p><strong>Perfume Masculino Brand Collection 154\u00a0Parfum &#8211;<em>\u00a0Classic Black<\/em><\/strong><br \/>O Perfume Masculino Brand Collection 154 Tubete modelo de bolsa possui sua fragr\u00e2ncia inspirada em\u00a0<strong>212 Vip Black<\/strong>, de\u00a0<strong>Carolina Herrera<\/strong>.\u00a0\u00c9 um perfume\u00a0masculino arom\u00e1tico foug\u00e9re. \u00c9 intenso como um shot de absinto, para homens que sabem viver a noite.<br \/>\u00c9 um perfume jovem e inovador, como homens confiantes que sabem seduzir e se divertir na noite. O topo com notas de absinto e especiarias revela as inten\u00e7\u00f5es desta fragr\u00e2ncia intensa e extrovertida. Aos poucos um corpo arom\u00e1tico de lavanda se revela e o fundo doce de casca de baunilha negra e alm\u00edscar finaliza esta ess\u00eancia urbana e sexy que se torna memor\u00e1vel e viciante para quem experimenta.<br \/>\u00a0<\/p>\n","protected":false},"featured_media":910,"comment_status":"open","ping_status":"closed","template":"","meta":[],"product_brand":[],"product_cat":[109,46,43,123],"product_tag":[],"class_list":{"0":"post-920","1":"product","2":"type-product","3":"status-publish","4":"has-post-thumbnail","6":"product_cat-economicos","7":"product_cat-geral","8":"product_cat-perfumes","9":"product_cat-perfumes-brand-collection","11":"first","12":"instock","13":"shipping-taxable","14":"purchasable","15":"product-type-simple"},"_links":{"self":[{"href":"https:\/\/mamajula.com.br\/index.php\/wp-json\/wp\/v2\/product\/920","targetHints":{"allow":["GET"]}}],"collection":[{"href":"https:\/\/mamajula.com.br\/index.php\/wp-json\/wp\/v2\/product"}],"about":[{"href":"https:\/\/mamajula.com.br\/index.php\/wp-json\/wp\/v2\/types\/product"}],"replies":[{"embeddable":true,"href":"https:\/\/mamajula.com.br\/index.php\/wp-json\/wp\/v2\/comments?post=920"}],"wp:featuredmedia":[{"embeddable":true,"href":"https:\/\/mamajula.com.br\/index.php\/wp-json\/wp\/v2\/media\/910"}],"wp:attachment":[{"href":"https:\/\/mamajula.com.br\/index.php\/wp-json\/wp\/v2\/media?parent=920"}],"wp:term":[{"taxonomy":"product_brand","embeddable":true,"href":"https:\/\/mamajula.com.br\/index.php\/wp-json\/wp\/v2\/product_brand?post=920"},{"taxonomy":"product_cat","embeddable":true,"href":"https:\/\/mamajula.com.br\/index.php\/wp-json\/wp\/v2\/product_cat?post=920"},{"taxonomy":"product_tag","embeddable":true,"href":"https:\/\/mamajula.com.br\/index.php\/wp-json\/wp\/v2\/product_tag?post=920"}],"curies":[{"name":"wp","href":"https:\/\/api.w.org\/{rel}","templated":true}]}}